{"id":11739,"date":"2021-04-06T14:22:35","date_gmt":"2021-04-06T12:22:35","guid":{"rendered":"http:\/\/www.volverviaggi.it\/blog\/?page_id=11739"},"modified":"2021-05-25T09:23:29","modified_gmt":"2021-05-25T07:23:29","slug":"travel-planner","status":"publish","type":"page","link":"https:\/\/www.volverviaggi.it\/blog\/perche-sceglierci\/travel-planner\/","title":{"rendered":"Travel planner"},"content":{"rendered":"<p><div class=\"fusion-fullwidth fullwidth-box fusion-builder-row-1 nonhundred-percent-fullwidth non-hundred-percent-height-scrolling\" style=\"--awb-background-position:left top;--awb-border-sizes-top:0px;--awb-border-sizes-bottom:0px;--awb-border-sizes-left:0px;--awb-border-sizes-right:0px;--awb-border-radius-top-left:0px;--awb-border-radius-top-right:0px;--awb-border-radius-bottom-right:0px;--awb-border-radius-bottom-left:0px;--awb-margin-top:50px;--awb-margin-bottom:50px;--awb-flex-wrap:wrap;\" ><div class=\"fusion-builder-row fusion-row\"><div class=\"fusion-layout-column fusion_builder_column fusion-builder-column-0 fusion_builder_column_1_5 1_5 fusion-one-fifth fusion-column-first\" style=\"--awb-bg-size:cover;width:16.8%; margin-right: 4%;\"><div class=\"fusion-column-wrapper fusion-flex-column-wrapper-legacy\"><div class=\"fusion-clearfix\"><\/div><\/div><\/div><div class=\"fusion-layout-column fusion_builder_column fusion-builder-column-1 fusion_builder_column_3_5 3_5 fusion-three-fifth\" style=\"--awb-bg-size:cover;width:58.4%; margin-right: 4%;\"><div class=\"fusion-column-wrapper fusion-flex-column-wrapper-legacy\"><div class=\"fusion-text fusion-text-1\"><div dir=\"auto\">\n<div dir=\"auto\"><\/div>\n<\/div>\n<h1>TRAVEL PLANNER<\/h1>\n<h1>La tua consulente di viaggio personale<\/h1>\n<\/div><div class=\"fusion-text fusion-text-2\"><div>\n<div dir=\"auto\">\n<div dir=\"auto\">\n<div dir=\"auto\">\n<div>\n<div>Un nuovo servizio, per esserti sempre pi\u00f9 vicino.<\/div>\n<\/div>\n<\/div>\n<\/div>\n<\/div>\n<\/div>\n<div>Consulente di viaggio personale: un&#8217;esperta di viaggi su misura che ti aiuter\u00e0 a scoprire le meraviglie del mondo esattamente come vuoi tu, consigliandoti e guidandoti al meglio verso la soluzione di viaggio pi\u00f9 idonea alle tue esigenze, senza doverti recare in agenzia.<\/div>\n<\/div><div class=\"fusion-text fusion-text-3\"><div>\n<div dir=\"auto\">\n<div dir=\"auto\">\n<div dir=\"auto\">\n<div>\n<h3>\u00c9 un servizio che fa per te se:<\/h3>\n<\/div>\n<\/div>\n<\/div>\n<\/div>\n<\/div>\n<\/div><ul style=\"--awb-size:16px;--awb-line-height:27.2px;--awb-icon-width:27.2px;--awb-icon-height:27.2px;--awb-icon-margin:11.2px;--awb-content-margin:38.4px;--awb-circlecolor:#abadae;--awb-circle-yes-font-size:14.08px;\" class=\"fusion-checklist fusion-checklist-1 fusion-checklist-default fusion-checklist-divider type-icons\"><li class=\"fusion-li-item\" style=\"\"><span class=\"icon-wrapper circle-yes\"><i class=\"fusion-li-icon fa-clock fas\" aria-hidden=\"true\"><\/i><\/span><div class=\"fusion-li-item-content\">\n<div>\n<div dir=\"auto\">\n<div dir=\"auto\">\n<div dir=\"auto\">\n<div><\/div>\n<\/div>\n<\/div>\n<\/div>\n<\/div>\n<p><b>SEI UNA PERSONA IMPEGNATA CON POCO TEMPO A DISPOSIZIONE<\/b><\/p>\n<div>\n<div dir=\"auto\">\n<div dir=\"auto\">\n<div dir=\"auto\">\n<div>\n<div>Organizzare un viaggio da solo per te potrebbe essere molto complicato. Ci sono mille dettagli da tenere in considerazione : la scelta della meta, la combinazioni di servizi, tutte le complicazioni dovute al coronavirus con procedure e disposizioni governative, tamponi e quarantene su cui bisogna informarsi, documenti ecc ecc.<\/div>\n<\/div>\n<\/div>\n<\/div>\n<\/div>\n<\/div>\n<div>Avere qualcuno che si occupa di tutto facendoti risparmiare tantissimo tempo, dandoti informazioni corrette e proponendoti\u00a0le giuste soluzioni di viaggio sar\u00e0\u00a0 per te un servizio di cui non potrai pi\u00f9 fare a meno.<\/div>\n<\/div><\/li><li class=\"fusion-li-item\" style=\"\"><span class=\"icon-wrapper circle-yes\"><i class=\"fusion-li-icon fa-bullhorn fas\" aria-hidden=\"true\"><\/i><\/span><div class=\"fusion-li-item-content\">\n<p><strong>SE CERCHI QUALCOSA DI DIVERSO DAL SOLITO PACCHETTO STANDARD<\/strong><b><\/b><\/p>\n<div>\n<div dir=\"auto\">\n<div dir=\"auto\">\n<div dir=\"auto\">\n<div>\n<div>Se desideri percorrere itinerari particolari, visitare luoghi meno battuti dal turismo di massa o semplicemente un viaggio che rispecchi i tuoi desideri e le tue passioni, allora sarai felice di sapere che la nostra consulente di viaggio personale potr\u00e0 realizzare appositamente per te un&#8217;itinerario su misura e un viaggio unico pensato per soddisfare esclusivamente le tue esigenze e quelle di chi viaggia insieme a te.<\/div>\n<\/div>\n<\/div>\n<\/div>\n<\/div>\n<\/div>\n<\/div><\/li><li class=\"fusion-li-item\" style=\"\"><span class=\"icon-wrapper circle-yes\"><i class=\"fusion-li-icon fa-angellist fab\" aria-hidden=\"true\"><\/i><\/span><div class=\"fusion-li-item-content\"><strong>SE VUOI UN VIAGGIO SENZA STRESS <\/strong><b><\/b><\/p>\n<div>\n<div dir=\"auto\">\n<div dir=\"auto\">\n<div dir=\"auto\">\n<div>\n<div>\n<div>Per i viaggi in coppia, con gli amici, in famiglia senza pensieri e con qualche coccola in pi\u00f9, potrai lasciarti i problemi alle spalle e non pensare pi\u00f9 a niente. Penser\u00e0 a tutto la vostra consulente di viaggio personale.<\/div>\n<\/div>\n<\/div>\n<\/div>\n<\/div>\n<\/div>\n<\/div>\n<\/div><\/li><\/ul><div class=\"fusion-clearfix\"><\/div><\/div><\/div><div class=\"fusion-layout-column fusion_builder_column fusion-builder-column-2 fusion_builder_column_1_5 1_5 fusion-one-fifth fusion-column-last\" style=\"--awb-bg-size:cover;width:16.8%;\"><div class=\"fusion-column-wrapper fusion-flex-column-wrapper-legacy\"><div class=\"fusion-clearfix\"><\/div><\/div><\/div><\/div><\/div><div class=\"fusion-fullwidth fullwidth-box fusion-builder-row-2 fusion-parallax-none nonhundred-percent-fullwidth non-hundred-percent-height-scrolling\" style=\"--awb-border-radius-top-left:0px;--awb-border-radius-top-right:0px;--awb-border-radius-bottom-right:0px;--awb-border-radius-bottom-left:0px;--awb-padding-top:50px;--awb-padding-bottom:50px;--awb-background-color:#d8d8d8;--awb-background-image:url(&quot;http:\/\/www.volverviaggi.it\/blog\/wp-content\/uploads\/2018\/07\/volver-monumenti-background.png&quot;);--awb-background-size:cover;--awb-flex-wrap:wrap;\" ><div class=\"fusion-builder-row fusion-row\"><div class=\"fusion-layout-column fusion_builder_column fusion-builder-column-3 fusion_builder_column_1_5 1_5 fusion-one-fifth fusion-column-first\" style=\"--awb-bg-size:cover;width:20%;width:calc(20% - ( ( 4% + 4% ) * 0.2 ) );margin-right: 4%;\"><div class=\"fusion-column-wrapper fusion-flex-column-wrapper-legacy\"><div class=\"fusion-clearfix\"><\/div><\/div><\/div><div class=\"fusion-layout-column fusion_builder_column fusion-builder-column-4 fusion_builder_column_3_5 3_5 fusion-three-fifth\" style=\"--awb-bg-size:cover;width:60%;width:calc(60% - ( ( 4% + 4% ) * 0.6 ) );margin-right: 4%;\"><div class=\"fusion-column-wrapper fusion-flex-column-wrapper-legacy\"><div class=\"fusion-text fusion-text-4\"><h3 style=\"text-align: center;\">Organizziamo un viaggio su misura per te.<br \/>\nSei tu a guidare tutte le scelte, noi ti offriamo preziosi consigli anche a distanza.<\/h3>\n<\/div><div class=\"fusion-clearfix\"><\/div><\/div><\/div><div class=\"fusion-layout-column fusion_builder_column fusion-builder-column-5 fusion_builder_column_1_5 1_5 fusion-one-fifth fusion-column-last\" style=\"--awb-bg-size:cover;width:20%;width:calc(20% - ( ( 4% + 4% ) * 0.2 ) );\"><div class=\"fusion-column-wrapper fusion-flex-column-wrapper-legacy\"><div class=\"fusion-clearfix\"><\/div><\/div><\/div><\/div><\/div><div class=\"fusion-fullwidth fullwidth-box fusion-builder-row-3 nonhundred-percent-fullwidth non-hundred-percent-height-scrolling\" style=\"--awb-background-position:left top;--awb-border-sizes-top:0px;--awb-border-sizes-bottom:0px;--awb-border-sizes-left:0px;--awb-border-sizes-right:0px;--awb-border-radius-top-left:0px;--awb-border-radius-top-right:0px;--awb-border-radius-bottom-right:0px;--awb-border-radius-bottom-left:0px;--awb-padding-top:60px;--awb-padding-bottom:110px;--awb-flex-wrap:wrap;\" ><div class=\"fusion-builder-row fusion-row\"><div class=\"fusion-layout-column fusion_builder_column fusion-builder-column-6 fusion_builder_column_2_3 2_3 fusion-two-third fusion-column-first\" style=\"--awb-bg-size:cover;width:66.666666666667%;width:calc(66.666666666667% - ( ( 4% ) * 0.66666666666667 ) );margin-right: 4%;\"><div class=\"fusion-column-wrapper fusion-flex-column-wrapper-legacy\"><div class=\"fusion-text fusion-text-5\"><div>\n<div dir=\"auto\">\n<div dir=\"auto\">\n<h2 dir=\"auto\">Cosa comprende il servizio:<\/h2>\n<\/div>\n<\/div>\n<\/div>\n<div>\n<div dir=\"auto\">\n<div dir=\"auto\">\n<div dir=\"auto\">\n<div>\n<ul>\n<li>Una consulente di viaggio dedicata che andr\u00e0 a creare un viaggio che incontrer\u00e0 le tue esigenze;<\/li>\n<li>Potrai interagire con la tua consulente personale su appuntamento via telefono o video chiamata per la consulenza sul viaggio ed, in seguito, sar\u00e0 a tua disposizione per domande, informazioni e consigli via chat, e-mail o telefono per discutere dei dettagli del tuo viaggio concordando gli orari a te pi\u00f9 comodi (anche fuori dai classici orari di ufficio);<\/li>\n<li>Progetto di viaggio dettagliato con itinerario e descrizione dei servizi;<\/li>\n<li>Assistenza Top durante il viaggio con referente sempre disponibile h24 in caso di necessit\u00e0;<\/li>\n<li>Tante attenzioni che possono agevolarti o rendere migliore il tuo viaggio ad es si occuper\u00e0 per te del check-in, quando possibile, inviandoti le carte d&#8217;imbarco via mail o messaggio, possibilit\u00e0 di plus a destinazione, consigli e suggerimenti utili per godersi il viaggio in tutta tranquillit\u00e0.<\/li>\n<\/ul>\n<\/div>\n<\/div>\n<\/div>\n<\/div>\n<\/div>\n<\/div><div class=\"fusion-clearfix\"><\/div><\/div><\/div><div class=\"fusion-layout-column fusion_builder_column fusion-builder-column-7 fusion_builder_column_1_3 1_3 fusion-one-third fusion-column-last\" style=\"--awb-bg-size:cover;width:33.333333333333%;width:calc(33.333333333333% - ( ( 4% ) * 0.33333333333333 ) );\"><div class=\"fusion-column-wrapper fusion-flex-column-wrapper-legacy\"><div class=\"fusion-image-element in-legacy-container\" style=\"--awb-caption-title-font-family:var(--h2_typography-font-family);--awb-caption-title-font-weight:var(--h2_typography-font-weight);--awb-caption-title-font-style:var(--h2_typography-font-style);--awb-caption-title-size:var(--h2_typography-font-size);--awb-caption-title-transform:var(--h2_typography-text-transform);--awb-caption-title-line-height:var(--h2_typography-line-height);--awb-caption-title-letter-spacing:var(--h2_typography-letter-spacing);\"><span class=\" fusion-imageframe imageframe-none imageframe-1 hover-type-none\"><img decoding=\"async\" width=\"228\" height=\"300\" title=\"Consulente Virtuale\" src=\"http:\/\/www.volverviaggi.it\/blog\/wp-content\/uploads\/2021\/04\/Consulente-Virtuale-228x300.jpg\" alt class=\"img-responsive wp-image-11753\" srcset=\"https:\/\/www.volverviaggi.it\/blog\/wp-content\/uploads\/2021\/04\/Consulente-Virtuale-200x263.jpg 200w, https:\/\/www.volverviaggi.it\/blog\/wp-content\/uploads\/2021\/04\/Consulente-Virtuale.jpg 380w\" sizes=\"(max-width: 849px) 100vw, 228px\" \/><\/span><\/div><div class=\"fusion-clearfix\"><\/div><\/div><\/div><\/div><\/div><div class=\"fusion-fullwidth fullwidth-box fusion-builder-row-4 fusion-parallax-none nonhundred-percent-fullwidth non-hundred-percent-height-scrolling\" style=\"--awb-border-radius-top-left:0px;--awb-border-radius-top-right:0px;--awb-border-radius-bottom-right:0px;--awb-border-radius-bottom-left:0px;--awb-padding-top:100px;--awb-padding-bottom:100px;--awb-background-color:#a41f35;--awb-background-image:url(&quot;http:\/\/www.volverviaggi.it\/blog\/wp-content\/uploads\/2018\/07\/volver-cta-back-ok.png&quot;);--awb-background-size:cover;--awb-flex-wrap:wrap;\" ><div class=\"fusion-builder-row fusion-row\"><div class=\"fusion-layout-column fusion_builder_column fusion-builder-column-8 fusion_builder_column_1_1 1_1 fusion-one-full fusion-column-first fusion-column-last fusion-column-no-min-height\" style=\"--awb-bg-size:cover;--awb-margin-bottom:0px;\"><div class=\"fusion-column-wrapper fusion-column-has-shadow fusion-flex-column-wrapper-legacy\"><div class=\"fusion-text fusion-text-6\"><h1 style=\"text-align: center; color: #fff;\">Cosa aspetti a rilassarti e pianificare il tuo prossimo viaggio?<\/h1>\n<\/div><div class=\"fusion-sep-clear\"><\/div><div class=\"fusion-separator fusion-full-width-sep\" style=\"margin-left: auto;margin-right: auto;margin-top:10px;margin-bottom:10px;width:100%;\"><\/div><div class=\"fusion-sep-clear\"><\/div><div class=\"fusion-button-wrapper fusion-aligncenter\"><a class=\"fusion-button button-flat fusion-button-default-size button-custom fusion-button-default button-1 fusion-button-default-span fusion-button-default-type\" style=\"--button_accent_color:#ffffff;--button_accent_hover_color:#ffffff;--button_border_hover_color:#ffffff;--button_border_width-top:2px;--button_border_width-right:2px;--button_border_width-bottom:2px;--button_border_width-left:2px;--button_gradient_top_color:#a41f35;--button_gradient_bottom_color:#a41f35;--button_gradient_top_color_hover:#7f1229;--button_gradient_bottom_color_hover:#7f1229;\" target=\"_self\" href=\"http:\/\/www.volverviaggi.it\/blog\/contatti\/\"><span class=\"fusion-button-text awb-button__text awb-button__text--default\">CONTATTACI<\/span><\/a><\/div><div class=\"fusion-clearfix\"><\/div><\/div><\/div><\/div><\/div><\/p>\n<span class=\"et_bloom_bottom_trigger\"><\/span>","protected":false},"excerpt":{"rendered":"","protected":false},"author":6077,"featured_media":0,"parent":8675,"menu_order":0,"comment_status":"closed","ping_status":"closed","template":"100-width.php","meta":{"footnotes":""},"class_list":["post-11739","page","type-page","status-publish","hentry"],"yoast_head":"<!-- This site is optimized with the Yoast SEO plugin v27.5 - https:\/\/yoast.com\/product\/yoast-seo-wordpress\/ -->\n<title>Volver Tour Operator, viaggi individuali costruiti su misura<\/title>\n<meta name=\"description\" content=\"Viaggi individuali secondo le proprie esigenze. Cura del dettaglio e precisione rendono Volver Tour Operator lo specialista perfettto a cui rivolgersi.\" \/>\n<meta name=\"robots\" content=\"index, follow, max-snippet:-1, max-image-preview:large, max-video-preview:-1\" \/>\n<link rel=\"canonical\" href=\"http:\/\/www.volverviaggi.it\/blog\/perche-sceglierci\/travel-planner\/\" \/>\n<meta name=\"twitter:label1\" content=\"Tempo di lettura stimato\" \/>\n\t<meta name=\"twitter:data1\" content=\"13 minuti\" \/>\n<script type=\"application\/ld+json\" class=\"yoast-schema-graph\">{\"@context\":\"https:\\\/\\\/schema.org\",\"@graph\":[{\"@type\":\"WebPage\",\"@id\":\"http:\\\/\\\/www.volverviaggi.it\\\/blog\\\/perche-sceglierci\\\/travel-planner\\\/\",\"url\":\"http:\\\/\\\/www.volverviaggi.it\\\/blog\\\/perche-sceglierci\\\/travel-planner\\\/\",\"name\":\"Volver Tour Operator, viaggi individuali costruiti su misura\",\"isPartOf\":{\"@id\":\"http:\\\/\\\/www.volverviaggi.it\\\/blog\\\/#website\"},\"datePublished\":\"2021-04-06T12:22:35+00:00\",\"dateModified\":\"2021-05-25T07:23:29+00:00\",\"description\":\"Viaggi individuali secondo le proprie esigenze. Cura del dettaglio e precisione rendono Volver Tour Operator lo specialista perfettto a cui rivolgersi.\",\"breadcrumb\":{\"@id\":\"http:\\\/\\\/www.volverviaggi.it\\\/blog\\\/perche-sceglierci\\\/travel-planner\\\/#breadcrumb\"},\"inLanguage\":\"it-IT\",\"potentialAction\":[{\"@type\":\"ReadAction\",\"target\":[\"http:\\\/\\\/www.volverviaggi.it\\\/blog\\\/perche-sceglierci\\\/travel-planner\\\/\"]}]},{\"@type\":\"BreadcrumbList\",\"@id\":\"http:\\\/\\\/www.volverviaggi.it\\\/blog\\\/perche-sceglierci\\\/travel-planner\\\/#breadcrumb\",\"itemListElement\":[{\"@type\":\"ListItem\",\"position\":1,\"name\":\"Home\",\"item\":\"http:\\\/\\\/www.volverviaggi.it\\\/blog\\\/\"},{\"@type\":\"ListItem\",\"position\":2,\"name\":\"PERCH\u00c9 SCEGLIERCI\",\"item\":\"http:\\\/\\\/www.volverviaggi.it\\\/blog\\\/perche-sceglierci\\\/\"},{\"@type\":\"ListItem\",\"position\":3,\"name\":\"Travel planner\"}]},{\"@type\":\"WebSite\",\"@id\":\"http:\\\/\\\/www.volverviaggi.it\\\/blog\\\/#website\",\"url\":\"http:\\\/\\\/www.volverviaggi.it\\\/blog\\\/\",\"name\":\"Volver\",\"description\":\"Viaggi e Turismo\",\"publisher\":{\"@id\":\"http:\\\/\\\/www.volverviaggi.it\\\/blog\\\/#organization\"},\"potentialAction\":[{\"@type\":\"SearchAction\",\"target\":{\"@type\":\"EntryPoint\",\"urlTemplate\":\"http:\\\/\\\/www.volverviaggi.it\\\/blog\\\/?s={search_term_string}\"},\"query-input\":{\"@type\":\"PropertyValueSpecification\",\"valueRequired\":true,\"valueName\":\"search_term_string\"}}],\"inLanguage\":\"it-IT\"},{\"@type\":\"Organization\",\"@id\":\"http:\\\/\\\/www.volverviaggi.it\\\/blog\\\/#organization\",\"name\":\"Volver Viaggi | Agenzia di Viaggi a Genova\",\"url\":\"http:\\\/\\\/www.volverviaggi.it\\\/blog\\\/\",\"logo\":{\"@type\":\"ImageObject\",\"inLanguage\":\"it-IT\",\"@id\":\"http:\\\/\\\/www.volverviaggi.it\\\/blog\\\/#\\\/schema\\\/logo\\\/image\\\/\",\"url\":\"http:\\\/\\\/www.volverviaggi.it\\\/blog\\\/wp-content\\\/uploads\\\/2018\\\/09\\\/39952697_1750938755014225_483472446897258496_n.jpg\",\"contentUrl\":\"http:\\\/\\\/www.volverviaggi.it\\\/blog\\\/wp-content\\\/uploads\\\/2018\\\/09\\\/39952697_1750938755014225_483472446897258496_n.jpg\",\"width\":678,\"height\":678,\"caption\":\"Volver Viaggi | Agenzia di Viaggi a Genova\"},\"image\":{\"@id\":\"http:\\\/\\\/www.volverviaggi.it\\\/blog\\\/#\\\/schema\\\/logo\\\/image\\\/\"},\"sameAs\":[\"https:\\\/\\\/www.facebook.com\\\/volvertouroperator\\\/\"]}]}<\/script>\n<!-- \/ Yoast SEO plugin. -->","yoast_head_json":{"title":"Volver Tour Operator, viaggi individuali costruiti su misura","description":"Viaggi individuali secondo le proprie esigenze. Cura del dettaglio e precisione rendono Volver Tour Operator lo specialista perfettto a cui rivolgersi.","robots":{"index":"index","follow":"follow","max-snippet":"max-snippet:-1","max-image-preview":"max-image-preview:large","max-video-preview":"max-video-preview:-1"},"canonical":"http:\/\/www.volverviaggi.it\/blog\/perche-sceglierci\/travel-planner\/","twitter_misc":{"Tempo di lettura stimato":"13 minuti"},"schema":{"@context":"https:\/\/schema.org","@graph":[{"@type":"WebPage","@id":"http:\/\/www.volverviaggi.it\/blog\/perche-sceglierci\/travel-planner\/","url":"http:\/\/www.volverviaggi.it\/blog\/perche-sceglierci\/travel-planner\/","name":"Volver Tour Operator, viaggi individuali costruiti su misura","isPartOf":{"@id":"http:\/\/www.volverviaggi.it\/blog\/#website"},"datePublished":"2021-04-06T12:22:35+00:00","dateModified":"2021-05-25T07:23:29+00:00","description":"Viaggi individuali secondo le proprie esigenze. Cura del dettaglio e precisione rendono Volver Tour Operator lo specialista perfettto a cui rivolgersi.","breadcrumb":{"@id":"http:\/\/www.volverviaggi.it\/blog\/perche-sceglierci\/travel-planner\/#breadcrumb"},"inLanguage":"it-IT","potentialAction":[{"@type":"ReadAction","target":["http:\/\/www.volverviaggi.it\/blog\/perche-sceglierci\/travel-planner\/"]}]},{"@type":"BreadcrumbList","@id":"http:\/\/www.volverviaggi.it\/blog\/perche-sceglierci\/travel-planner\/#breadcrumb","itemListElement":[{"@type":"ListItem","position":1,"name":"Home","item":"http:\/\/www.volverviaggi.it\/blog\/"},{"@type":"ListItem","position":2,"name":"PERCH\u00c9 SCEGLIERCI","item":"http:\/\/www.volverviaggi.it\/blog\/perche-sceglierci\/"},{"@type":"ListItem","position":3,"name":"Travel planner"}]},{"@type":"WebSite","@id":"http:\/\/www.volverviaggi.it\/blog\/#website","url":"http:\/\/www.volverviaggi.it\/blog\/","name":"Volver","description":"Viaggi e Turismo","publisher":{"@id":"http:\/\/www.volverviaggi.it\/blog\/#organization"},"potentialAction":[{"@type":"SearchAction","target":{"@type":"EntryPoint","urlTemplate":"http:\/\/www.volverviaggi.it\/blog\/?s={search_term_string}"},"query-input":{"@type":"PropertyValueSpecification","valueRequired":true,"valueName":"search_term_string"}}],"inLanguage":"it-IT"},{"@type":"Organization","@id":"http:\/\/www.volverviaggi.it\/blog\/#organization","name":"Volver Viaggi | Agenzia di Viaggi a Genova","url":"http:\/\/www.volverviaggi.it\/blog\/","logo":{"@type":"ImageObject","inLanguage":"it-IT","@id":"http:\/\/www.volverviaggi.it\/blog\/#\/schema\/logo\/image\/","url":"http:\/\/www.volverviaggi.it\/blog\/wp-content\/uploads\/2018\/09\/39952697_1750938755014225_483472446897258496_n.jpg","contentUrl":"http:\/\/www.volverviaggi.it\/blog\/wp-content\/uploads\/2018\/09\/39952697_1750938755014225_483472446897258496_n.jpg","width":678,"height":678,"caption":"Volver Viaggi | Agenzia di Viaggi a Genova"},"image":{"@id":"http:\/\/www.volverviaggi.it\/blog\/#\/schema\/logo\/image\/"},"sameAs":["https:\/\/www.facebook.com\/volvertouroperator\/"]}]}},"_links":{"self":[{"href":"https:\/\/www.volverviaggi.it\/blog\/wp-json\/wp\/v2\/pages\/11739","targetHints":{"allow":["GET"]}}],"collection":[{"href":"https:\/\/www.volverviaggi.it\/blog\/wp-json\/wp\/v2\/pages"}],"about":[{"href":"https:\/\/www.volverviaggi.it\/blog\/wp-json\/wp\/v2\/types\/page"}],"author":[{"embeddable":true,"href":"https:\/\/www.volverviaggi.it\/blog\/wp-json\/wp\/v2\/users\/6077"}],"replies":[{"embeddable":true,"href":"https:\/\/www.volverviaggi.it\/blog\/wp-json\/wp\/v2\/comments?post=11739"}],"version-history":[{"count":4,"href":"https:\/\/www.volverviaggi.it\/blog\/wp-json\/wp\/v2\/pages\/11739\/revisions"}],"predecessor-version":[{"id":11897,"href":"https:\/\/www.volverviaggi.it\/blog\/wp-json\/wp\/v2\/pages\/11739\/revisions\/11897"}],"up":[{"embeddable":true,"href":"https:\/\/www.volverviaggi.it\/blog\/wp-json\/wp\/v2\/pages\/8675"}],"wp:attachment":[{"href":"https:\/\/www.volverviaggi.it\/blog\/wp-json\/wp\/v2\/media?parent=11739"}],"curies":[{"name":"wp","href":"https:\/\/api.w.org\/{rel}","templated":true}]}}